2)). What is the remainder when (3 - 0)*z/(-12) is divided by ((-3)/(-1))/(4/12)?
7
Suppose 4*w + 4*u + 20 = 0, w + 4*w - 2*u - 10 = 0. Suppose 2*l + 3 = 9. What is the remainder when 3*21/9 + w is divided by l?
1
Let w(z) = 3*z**2 + 9*z + 3. What is the remainder when w(-6) is divided by 20?
17
Let y(w) = 3*w - 4. Let l be y(-7). Let g = l + 35. Calculate the remainder when 28 is divided by g.
8
Let z(h) = 27*h - 16. Calculate the remainder when z(7) is divided by 35.
33
Suppose -h = h. Suppose k + 5 - 10 = h. What is the remainder when 8 is divided by k?
3
Let w = -103 + 168. Suppose -5*h + 4*h + 21 = -p, -5*p + w = 5*h. What is the remainder when ((-66)/(-8))/(3/12) is divided by h?
16
Let w = 1 + 0. Suppose j + 0 = -w. Let s(z) = -18*z + 1. What is the remainder when s(j) is divided by 7?
5
Let t be -1 + -1 - (-4 - 2). Suppose 0 = 3*h - 0*h + t*a - 32, -2*h + 19 = 5*a. Calculate the remainder when 33 is divided by h.
9
Let d be 1/(-2)*-6 - -7. Suppose -29 = -m - d. What is the remainder when m is divided by 11?
8
Suppose 5*b = 2*p - 33, 2*p + 31 = 4*p - 3*b. Suppose 4*a = 3*a + p. Let n = 73 - 46. Calculate the remainder when n is divided by a.
13
Calculate the remainder when (1*525)/5 - -3 is divided by 38.
32
Let w(g) = g - 6. Let n be w(-8). Let m = 0 - n. Suppose -m = -b - 0. What is the remainder when b is divided by 8?
6
Suppose 3*c - 7 = 2. What is the remainder when 10 is divided by c?
1
Let c be -1 - (-4 - -2)*1. Let g = c + 1. Suppose -15 = -d - 2*n, -g*n + 4*n = 8. What is the remainder when d is divided by 4?
3
Let v = -141 + 212. Let q = 157 - 139. What is the remainder when v is divided by q?
17
Suppose -4*d - 2*b - 12 = -6*d, -2*d - 4 = 2*b. What is the remainder when (-336)/(-10) + d/5 is divided by ((-2)/4)/(2/(-48))?
10
Let m = -96 - -138. What is the remainder when m is divided by 66/(-9)*3/(-2)?
9
Suppose -6*z + 50 = -4*z. Suppose -4*t + z = -7. Calculate the remainder when 29 is divided by t.
5
Suppose s + 3*v = 73, 3*s - 3*v - 67 = 2*s. Calculate the remainder when s is divided by 9.
7
Let z = 4 + 8. Calculate the remainder when 46 is divided by z.
10
Let q(j) = j**3 + 9*j**2 + 4*j - 7. Calculate the remainder when q(-8) is divided by 13.
12
Suppose -2 = -i + 11. Let n = 12 + -7. Calculate the remainder when i is divided by n.
3
Calculate the remainder when (-2)/9 - (-994)/18 is divided by 29.
26
Calculate the remainder when 170 is divided by 3/((-1)/129*-9).
41
Let s(r) = -63*r + 31*r - 2 - 41*r. Let m be s(-6). Suppose z + 96 = l - z, -z + m = 5*l. What is the remainder when l is divided by 30?
28
Let z be (-3 - -2 - 1)*-2. Suppose 2*o = z*o - 14. What is the remainder when o is divided by 4?
3
Suppose 8*a - 20 = 3*a. Calculate the remainder when 6 is divided by a.
2
Suppose 4*s + 30 = 5*l, -4*s - 27 = -l + s. Suppose -l*r - 18 = -4*r. Calculate the remainder when r is divided by 4.
1
Let z be (-72)/(-20) + (-2)/(-5). Suppose 5*k - 14 = 5*u - 44, -z*u = 4. Let d(n) = -n**3 - 6*n**2 + 6*n - 3. What is the remainder when d(k) is divided by 3?
1
What is the remainder when 12/(-9) + 840/36 is divided by (1 - 1)/(-2) + 6?
4
Let d(m) = -m - 2. Let p(v) = -v - 2. Let a(i) = -6*d(i) + 7*p(i). Let w = 25 + -15. What is the remainder when w is divided by a(-6)?
2
Let c(b) be the first derivative of b**4/4 - 4*b**3/3 + 2*b**2 + b + 1. What is the remainder when 10 is divided by c(3)?
2
Let x(v) = v**2 - 4 + 5*v + 21 - 3. What is the remainder when x(-7) is divided by 10?
8
Let h(p) = 3*p - 27. Calculate the remainder when 268 is divided by h(24).
43
Suppose -3*n - 22 = -4*n. What is the remainder when n is divided by 6?
4
Let u be (-3)/1*(6 - 1). Let m = u - -33. Calculate the remainder when 52 is divided by m.
16
Let z be (-2 + 2)/((-6)/2). Suppose 4*k + 5*f - 188 = 0, 2*k + 4*f - 100 = -z*f. What is the remainder when k is divided by 11?
9
What is the remainder when (16/28)/((-6)/(-273)) is divided by 9?
8
Suppose 2*y - 4 = t, -t + 2*t + 8 = 4*y. Suppose -3*r + 49 + 47 = t. Suppose -3*g + p = -r + 7, -3*p = 5*g - 23. What is the remainder when 20 is divided by g?
6
Let w = 27 - 19. Calculate the remainder when w is divided by 3.
2
Suppose -88 = -4*h - 8. What is the remainder when (-38)/(-12)*-8*90/(-60) is divided by h?
18
Suppose 2*i = -u + 36, i = -5*u - 0*i + 135. What is the remainder when 103 is divided by u?
25
Calculate the remainder when 80 is divided by (-3)/(12/(-92)) - -4.
26
Suppose -4*b - 34 - 37 = -z, -z + 106 = 3*b. Calculate the remainder when z is divided by 24 + (-20)/(-4) + -6.
22
Let i(d) = 2*d**2 + 3*d + 5. What is the remainder when 67 is divided by i(-3)?
11
Suppose 0 = 2*l - 4, 6*l - l - 12 = -f. Suppose 2*s - 6*s = -28. Calculate the remainder when s is divided by f.
1
Let j = 199 + -96. What is the remainder when j is divided by 26?
25
Suppose 17 - 47 = -5*q. Let t(s) = s**2 - s + 11. What is the remainder when t(0) is divided by (q + 0)*(0 + 1)?
5
Suppose 5*l - 37 = -4*s, 13 = s + 4*l + 1. Let t(n) = -n + 7. Calculate the remainder when t(-7) is divided by s.
6
Suppose 9 - 27 = -2*k. Suppose p - 62 = -1. Calculate the remainder when p is divided by k.
7
Let f(n) = -n**3 - 4*n**2 - n + 6. Let a be f(-5). Suppose 3*i + 5*m - 16 - 19 = 0, 2*i - 3*m = a. What is the remainder when 32 + (-1 - -2)*-3 is divided by i?
14
Suppose 380 = 5*y - 5*n, -2 = 2*n - 3*n. Let t = y - 55. What is the remainder when 43 is divided by t?
20
Let n(b) = 5*b - 13. What is the remainder when n(8) is divided by 7?
6
Let a(l) = -l**3 - l**2 - l + 17. Let u be a(0). Let x = -9 + u. What is the remainder when 21 is divided by x?
5
Let v = 14 + 18. Suppose 4*u - 34 = 3*u. What is the remainder when v is divided by (-1)/(0 - 2/u)?
15
Let q(r) = r**2 + 2*r - 4. Let y(h) = -h**3 - 5*h**2 - 3*h - 3. Let v be y(-5). Let t = v - -19. What is the remainder when t is divided by q(-5)?
9
Let p = 33 - 18. Let q = -12 - -17. What is the remainder when (p + 1)*(-5)/(-10) is divided by q?
3
Suppose 0 = -15*p + 17*p - 8. What is the remainder when 26 is divided by p?
2
Let a = 2 - -7. Let w = -31 + 15. Let k = -11 - w. What is the remainder when a is divided by k?
4
Let p(c) = 18*c**3 + c - 1. What is the remainder when 142 is divided by p(1)?
16
Suppose 0 = -0*q - q - 5*o + 1, -2*o - 48 = -4*q. What is the remainder when 1564/24 + 2/(-12) is divided by q?
10
Let h = 13 - 9. Let v be (h + -1)/((-5)/(-15)). Let k = 24 - v. Calculate the remainder when 57 is divided by k.
12
Suppose -k = -2 - 35. What is the remainder when k is divided by 10?
7
Suppose -4*j = 16, -5*s - 4*j = -6*j - 168. What is the remainder when s is divided by 2/6 + 64/6?
10
Let w(d) = -6*d - 17. Calculate the remainder when 62 is divided by w(-5).
10
Let g(m) = m**3 + 10*m**2 + 9*m + 5. Calculate the remainder when 18 is divided by g(-9).
3
Let o be (3/6)/1*0. Suppose -3*d - 2 + 32 = o. What is the remainder when 29 is divided by d?
9
Calculate the remainder when (-73)/(-2) - (-2)/(-4) is divided by -1 - 1 - -15*6/6.
10
Let r be 1/(-4) + 63/12. Suppose -5*y + 5*b = 90, -r*y - 4*b + 41 = 140. Let a = y - -27. What is the remainder when 22 is divided by a?
6
Let a(r) = -2*r - 4. Let o be a(-7). Suppose -2*f = 5*u - 30, 2*f - u = 4*u + o. Calculate the remainder when 39 is divided by f.
9
Let v = 44 - 27. What is the remainder when 66 is divided by v?
15
Suppose 3*j = 42 + 18. Suppose 5*a = j + 150. What is the remainder when a is divided by 9?
7
Suppose c + 4*t - 18 = 13, -4*c - t = -64. Let b(w) = 1. Let p(v) = 14*v + 22. Let n(a) = 10*b(a) - p(a). Calculate the remainder when n(-4) is divided by c.
14
Suppose -103 = 3*b + 2. Let y(p) = -p + 19. What is the remainder when (b/(-3))/((-3)/(-9)) is divided by y(7)?
11
What is the remainder when 12 is divided by (-1)/(0 + (-4)/20)?
2
Let r be (-2)/9 + (-32)/18. What is the remainder when (2 - (-5)/(-2))*r is divided by 1?
0
Let s = -3 + 5. Suppose 101 = 13*z - 42. What is the remainder when z is divided by ((-3)/s)/((-6)/16)?
3
Let c(i) = 3*i - 1. Let r(m) = -2*m**2 - m**3 - 5*m - 3*m**2 - 7 + 9. What is the remainder when r(-6) is divided by c(8)?
22
Suppose -2*x + 20 = 2*x. Suppose 7*u - 2*u - 11 = -f, x*u = -10. Calculate the remainder when f is divided by 8.
5
Suppose 5*t - 2*u - 165 = 2*u, 2*t - 2*u = 66. Let k = -4 +